{"id":3720,"date":"2020-04-08T15:08:01","date_gmt":"2020-04-08T12:08:01","guid":{"rendered":"http:\/\/mediaviestinta.fi\/mevi2020\/?page_id=3720"},"modified":"2026-03-27T14:53:33","modified_gmt":"2026-03-27T12:53:33","slug":"samfundet-for-medie-och-kommunikationsvetenskap-mevi","status":"publish","type":"page","link":"https:\/\/mediaviestinta.fi\/mevi2020\/samfundet-for-medie-och-kommunikationsvetenskap-mevi\/","title":{"rendered":"Samfundet f\u00f6r medie- och kommunikationsvetenskap Mevi"},"content":{"rendered":"\n<p>Samfundet f\u00f6r medie- och kommunikationsvetenskap (Mevi) \u00e4r en vetenskaplig f\u00f6rening som samlar forskare, utbildare, studenter och praktiker inom omr\u00e5det f\u00f6r medier och kommunikation. F\u00f6reningen verkar f\u00f6r att ge forskningen i medier och kommunikation en etablerad st\u00e4llning i samh\u00e4llet, att initiera och utveckla det internationella samarbetet p\u00e5 omr\u00e5det samt att fr\u00e4mja utbytet av kunskaper och erfarenheter mellan forskare och praktiker inom medier och kommunikation. F\u00f6reningen har omkring 300 medlemmar.<\/p>\n\n\n\n<p>F\u00f6reningen har sedan 1970-talet gett ut den vetenskapliga tidskriften <a rel=\"noreferrer noopener\" href=\"https:\/\/journal.fi\/mediaviestinta\/index\" target=\"_blank\"><em>Media &amp; viestint\u00e4<\/em><\/a> (tidigare <em>Tiedotustutkimus<\/em>). Tidskriften \u00e4r den ledande tidskriften inom vetenskapsomr\u00e5det i Finland. Alla artiklar \u00e4r fritt tillg\u00e4ngliga (open access) vilket ocks\u00e5 g\u00e4ller det digitala arkivet. Journalen \u00e4r finskspr\u00e5kig men artikelsammandrag p\u00e5 engelska ing\u00e5r.<\/p>\n\n\n\n<p>Tillsammans med universitet och yrkesh\u00f6gskolor i Finland ordnar f\u00f6reningen konferensen Median ja viestinn\u00e4n tutkimuksen p\u00e4iv\u00e4t (Mevi-p\u00e4iv\u00e4t). Konferensen \u00e4ger rum vartannat \u00e5r och ordnas kring varierande teman och med inbjudna plenarf\u00f6rel\u00e4sare med internationell profil. Ocks\u00e5 regionala seminarier och aktiviteter riktade till allm\u00e4nheten ordnas varje \u00e5r.<\/p>\n\n\n\n<p>F\u00f6reningen deltar aktivt i samarbete med de \u00f6vriga nordiska forskarf\u00f6reningarna, <a href=\"https:\/\/www.nordicom.gu.se\/en\" target=\"_blank\" rel=\"noreferrer noopener\">Nordicom <\/a>(Nordiskt informationscenter for media- och kommunikationsforskning) och <a href=\"https:\/\/nordmedianetwork.org\/\" target=\"_blank\" rel=\"noreferrer noopener\">Nordmedia Network<\/a>. Mevi \u00e4r ocks\u00e5 medlem av de internationella vetenskapliga f\u00f6reningarna International Association for Media and Commication Research <a href=\"https:\/\/iamcr.org\/\" target=\"_blank\" rel=\"noreferrer noopener\">IAMCR <\/a>och European Communication Research and Education Association <a href=\"https:\/\/ecrea.eu\/\" target=\"_blank\" rel=\"noreferrer noopener\">ECREA<\/a>.<\/p>\n\n\n\n<p>Som medlem i f\u00f6reningen kan antas forskare, grundstuderande och doktorander i medier och kommunikation, l\u00e4rare vid yrkesh\u00f6gskolor, forskare vid forskningsinstitut p\u00e5 omr\u00e5det och personer inom den offentliga sektorn och organisationer med intresse f\u00f6r vetenskapliga perspektiv p\u00e5 medier och kommunikation.<\/p>\n\n\n\n<p><strong>Kontakt:<\/strong><\/p>\n\n\n\n<p>Veera Ehrl\u00e9n (ordf\u00f6rande): veera.ehrlen@jyu.fi<br>Nelli J\u00e4ntti-Tuominen (sekreterare): sihteeri@mediaviestinta.fi<\/p>\n\n\n\n<p>Media &amp; viestint\u00e4 \/ Annu Per\u00e4l\u00e4<br>toimitussihteeri(at)mediaviestinta.fi<\/p>\n\n\n\n<p><\/p>\n","protected":false},"excerpt":{"rendered":"<p>Samfundet f\u00f6r medie- och kommunikationsvetenskap (Mevi) \u00e4r en vetenskaplig f\u00f6rening som samlar forskare, utbildare, studenter och praktiker inom omr\u00e5det f\u00f6r medier och kommunikation. F\u00f6reningen verkar f\u00f6r att ge&hellip;<\/p>\n","protected":false},"author":3,"featured_media":0,"parent":0,"menu_order":0,"comment_status":"closed","ping_status":"closed","template":"","meta":{"_monsterinsights_skip_tracking":false,"_monsterinsights_sitenote_active":false,"_monsterinsights_sitenote_note":"","_monsterinsights_sitenote_category":0,"footnotes":""},"class_list":["post-3720","page","type-page","status-publish","has-post-thumbnail","hentry"],"yoast_head":"<!-- This site is optimized with the Yoast SEO plugin v27.4 - https:\/\/yoast.com\/product\/yoast-seo-wordpress\/ -->\n<title>Samfundet f\u00f6r medie- och kommunikationsvetenskap Mevi &#8211; Mevi<\/title>\n<meta name=\"robots\" content=\"index, follow, max-snippet:-1, max-image-preview:large, max-video-preview:-1\" \/>\n<link rel=\"canonical\" href=\"https:\/\/mediaviestinta.fi\/mevi2020\/samfundet-for-medie-och-kommunikationsvetenskap-mevi\/\" \/>\n<meta property=\"og:locale\" content=\"fi_FI\" \/>\n<meta property=\"og:type\" content=\"article\" \/>\n<meta property=\"og:title\" content=\"Samfundet f\u00f6r medie- och kommunikationsvetenskap Mevi &#8211; Mevi\" \/>\n<meta property=\"og:description\" content=\"Samfundet f\u00f6r medie- och kommunikationsvetenskap (Mevi) \u00e4r en vetenskaplig f\u00f6rening som samlar forskare, utbildare, studenter och praktiker inom omr\u00e5det f\u00f6r medier och kommunikation. F\u00f6reningen verkar f\u00f6r att ge&hellip;\" \/>\n<meta property=\"og:url\" content=\"https:\/\/mediaviestinta.fi\/mevi2020\/samfundet-for-medie-och-kommunikationsvetenskap-mevi\/\" \/>\n<meta property=\"og:site_name\" content=\"Mevi\" \/>\n<meta property=\"article:publisher\" content=\"https:\/\/www.facebook.com\/MediaViestinta\/\" \/>\n<meta property=\"article:modified_time\" content=\"2026-03-27T12:53:33+00:00\" \/>\n<meta name=\"twitter:card\" content=\"summary_large_image\" \/>\n<meta name=\"twitter:site\" content=\"@mediaviestinta\" \/>\n<meta name=\"twitter:label1\" content=\"Arvioitu lukuaika\" \/>\n\t<meta name=\"twitter:data1\" content=\"2 minuuttia\" \/>\n<script type=\"application\/ld+json\" class=\"yoast-schema-graph\">{\"@context\":\"https:\\\/\\\/schema.org\",\"@graph\":[{\"@type\":\"WebPage\",\"@id\":\"https:\\\/\\\/mediaviestinta.fi\\\/mevi2020\\\/samfundet-for-medie-och-kommunikationsvetenskap-mevi\\\/\",\"url\":\"https:\\\/\\\/mediaviestinta.fi\\\/mevi2020\\\/samfundet-for-medie-och-kommunikationsvetenskap-mevi\\\/\",\"name\":\"Samfundet f\u00f6r medie- och kommunikationsvetenskap Mevi &#8211; Mevi\",\"isPartOf\":{\"@id\":\"https:\\\/\\\/mediaviestinta.fi\\\/#website\"},\"datePublished\":\"2020-04-08T12:08:01+00:00\",\"dateModified\":\"2026-03-27T12:53:33+00:00\",\"breadcrumb\":{\"@id\":\"https:\\\/\\\/mediaviestinta.fi\\\/mevi2020\\\/samfundet-for-medie-och-kommunikationsvetenskap-mevi\\\/#breadcrumb\"},\"inLanguage\":\"fi\",\"potentialAction\":[{\"@type\":\"ReadAction\",\"target\":[\"https:\\\/\\\/mediaviestinta.fi\\\/mevi2020\\\/samfundet-for-medie-och-kommunikationsvetenskap-mevi\\\/\"]}]},{\"@type\":\"BreadcrumbList\",\"@id\":\"https:\\\/\\\/mediaviestinta.fi\\\/mevi2020\\\/samfundet-for-medie-och-kommunikationsvetenskap-mevi\\\/#breadcrumb\",\"itemListElement\":[{\"@type\":\"ListItem\",\"position\":1,\"name\":\"Home\",\"item\":\"https:\\\/\\\/mediaviestinta.fi\\\/\"},{\"@type\":\"ListItem\",\"position\":2,\"name\":\"Samfundet f\u00f6r medie- och kommunikationsvetenskap Mevi\"}]},{\"@type\":\"WebSite\",\"@id\":\"https:\\\/\\\/mediaviestinta.fi\\\/#website\",\"url\":\"https:\\\/\\\/mediaviestinta.fi\\\/\",\"name\":\"Mevi\",\"description\":\"Media- ja viestint\u00e4tieteellinen seura Mevi\",\"publisher\":{\"@id\":\"https:\\\/\\\/mediaviestinta.fi\\\/#organization\"},\"potentialAction\":[{\"@type\":\"SearchAction\",\"target\":{\"@type\":\"EntryPoint\",\"urlTemplate\":\"https:\\\/\\\/mediaviestinta.fi\\\/?s={search_term_string}\"},\"query-input\":{\"@type\":\"PropertyValueSpecification\",\"valueRequired\":true,\"valueName\":\"search_term_string\"}}],\"inLanguage\":\"fi\"},{\"@type\":\"Organization\",\"@id\":\"https:\\\/\\\/mediaviestinta.fi\\\/#organization\",\"name\":\"Media- ja viestint\u00e4tieteellinen seura Mevi\",\"url\":\"https:\\\/\\\/mediaviestinta.fi\\\/\",\"logo\":{\"@type\":\"ImageObject\",\"inLanguage\":\"fi\",\"@id\":\"https:\\\/\\\/mediaviestinta.fi\\\/#\\\/schema\\\/logo\\\/image\\\/\",\"url\":\"https:\\\/\\\/mediaviestinta.fi\\\/mevi2020\\\/wp-content\\\/uploads\\\/2020\\\/03\\\/mevi-logo-RGB-Transparent.png\",\"contentUrl\":\"https:\\\/\\\/mediaviestinta.fi\\\/mevi2020\\\/wp-content\\\/uploads\\\/2020\\\/03\\\/mevi-logo-RGB-Transparent.png\",\"width\":910,\"height\":464,\"caption\":\"Media- ja viestint\u00e4tieteellinen seura Mevi\"},\"image\":{\"@id\":\"https:\\\/\\\/mediaviestinta.fi\\\/#\\\/schema\\\/logo\\\/image\\\/\"},\"sameAs\":[\"https:\\\/\\\/www.facebook.com\\\/MediaViestinta\\\/\",\"https:\\\/\\\/x.com\\\/mediaviestinta\"]}]}<\/script>\n<!-- \/ Yoast SEO plugin. -->","yoast_head_json":{"title":"Samfundet f\u00f6r medie- och kommunikationsvetenskap Mevi &#8211; Mevi","robots":{"index":"index","follow":"follow","max-snippet":"max-snippet:-1","max-image-preview":"max-image-preview:large","max-video-preview":"max-video-preview:-1"},"canonical":"https:\/\/mediaviestinta.fi\/mevi2020\/samfundet-for-medie-och-kommunikationsvetenskap-mevi\/","og_locale":"fi_FI","og_type":"article","og_title":"Samfundet f\u00f6r medie- och kommunikationsvetenskap Mevi &#8211; Mevi","og_description":"Samfundet f\u00f6r medie- och kommunikationsvetenskap (Mevi) \u00e4r en vetenskaplig f\u00f6rening som samlar forskare, utbildare, studenter och praktiker inom omr\u00e5det f\u00f6r medier och kommunikation. F\u00f6reningen verkar f\u00f6r att ge&hellip;","og_url":"https:\/\/mediaviestinta.fi\/mevi2020\/samfundet-for-medie-och-kommunikationsvetenskap-mevi\/","og_site_name":"Mevi","article_publisher":"https:\/\/www.facebook.com\/MediaViestinta\/","article_modified_time":"2026-03-27T12:53:33+00:00","twitter_card":"summary_large_image","twitter_site":"@mediaviestinta","twitter_misc":{"Arvioitu lukuaika":"2 minuuttia"},"schema":{"@context":"https:\/\/schema.org","@graph":[{"@type":"WebPage","@id":"https:\/\/mediaviestinta.fi\/mevi2020\/samfundet-for-medie-och-kommunikationsvetenskap-mevi\/","url":"https:\/\/mediaviestinta.fi\/mevi2020\/samfundet-for-medie-och-kommunikationsvetenskap-mevi\/","name":"Samfundet f\u00f6r medie- och kommunikationsvetenskap Mevi &#8211; Mevi","isPartOf":{"@id":"https:\/\/mediaviestinta.fi\/#website"},"datePublished":"2020-04-08T12:08:01+00:00","dateModified":"2026-03-27T12:53:33+00:00","breadcrumb":{"@id":"https:\/\/mediaviestinta.fi\/mevi2020\/samfundet-for-medie-och-kommunikationsvetenskap-mevi\/#breadcrumb"},"inLanguage":"fi","potentialAction":[{"@type":"ReadAction","target":["https:\/\/mediaviestinta.fi\/mevi2020\/samfundet-for-medie-och-kommunikationsvetenskap-mevi\/"]}]},{"@type":"BreadcrumbList","@id":"https:\/\/mediaviestinta.fi\/mevi2020\/samfundet-for-medie-och-kommunikationsvetenskap-mevi\/#breadcrumb","itemListElement":[{"@type":"ListItem","position":1,"name":"Home","item":"https:\/\/mediaviestinta.fi\/"},{"@type":"ListItem","position":2,"name":"Samfundet f\u00f6r medie- och kommunikationsvetenskap Mevi"}]},{"@type":"WebSite","@id":"https:\/\/mediaviestinta.fi\/#website","url":"https:\/\/mediaviestinta.fi\/","name":"Mevi","description":"Media- ja viestint\u00e4tieteellinen seura Mevi","publisher":{"@id":"https:\/\/mediaviestinta.fi\/#organization"},"potentialAction":[{"@type":"SearchAction","target":{"@type":"EntryPoint","urlTemplate":"https:\/\/mediaviestinta.fi\/?s={search_term_string}"},"query-input":{"@type":"PropertyValueSpecification","valueRequired":true,"valueName":"search_term_string"}}],"inLanguage":"fi"},{"@type":"Organization","@id":"https:\/\/mediaviestinta.fi\/#organization","name":"Media- ja viestint\u00e4tieteellinen seura Mevi","url":"https:\/\/mediaviestinta.fi\/","logo":{"@type":"ImageObject","inLanguage":"fi","@id":"https:\/\/mediaviestinta.fi\/#\/schema\/logo\/image\/","url":"https:\/\/mediaviestinta.fi\/mevi2020\/wp-content\/uploads\/2020\/03\/mevi-logo-RGB-Transparent.png","contentUrl":"https:\/\/mediaviestinta.fi\/mevi2020\/wp-content\/uploads\/2020\/03\/mevi-logo-RGB-Transparent.png","width":910,"height":464,"caption":"Media- ja viestint\u00e4tieteellinen seura Mevi"},"image":{"@id":"https:\/\/mediaviestinta.fi\/#\/schema\/logo\/image\/"},"sameAs":["https:\/\/www.facebook.com\/MediaViestinta\/","https:\/\/x.com\/mediaviestinta"]}]}},"_links":{"self":[{"href":"https:\/\/mediaviestinta.fi\/mevi2020\/wp-json\/wp\/v2\/pages\/3720","targetHints":{"allow":["GET"]}}],"collection":[{"href":"https:\/\/mediaviestinta.fi\/mevi2020\/wp-json\/wp\/v2\/pages"}],"about":[{"href":"https:\/\/mediaviestinta.fi\/mevi2020\/wp-json\/wp\/v2\/types\/page"}],"author":[{"embeddable":true,"href":"https:\/\/mediaviestinta.fi\/mevi2020\/wp-json\/wp\/v2\/users\/3"}],"replies":[{"embeddable":true,"href":"https:\/\/mediaviestinta.fi\/mevi2020\/wp-json\/wp\/v2\/comments?post=3720"}],"version-history":[{"count":12,"href":"https:\/\/mediaviestinta.fi\/mevi2020\/wp-json\/wp\/v2\/pages\/3720\/revisions"}],"predecessor-version":[{"id":5496,"href":"https:\/\/mediaviestinta.fi\/mevi2020\/wp-json\/wp\/v2\/pages\/3720\/revisions\/5496"}],"wp:attachment":[{"href":"https:\/\/mediaviestinta.fi\/mevi2020\/wp-json\/wp\/v2\/media?parent=3720"}],"curies":[{"name":"wp","href":"https:\/\/api.w.org\/{rel}","templated":true}]}}

Samfundet för medie- och kommunikationsvetenskap Mevi

<p>Samfundet för medie- och kommunikationsvetenskap (Mevi) är en vetenskaplig förening som samlar forskare, utbildare, studenter och praktiker inom området för medier och kommunikation. Föreningen verkar för att ge forskningen i medier och kommunikation en etablerad ställning i samhället, att initiera och utveckla det internationella samarbetet på området samt att främja utbytet av kunskaper och erfarenheter mellan forskare och praktiker inom medier och kommunikation. Föreningen har omkring 300 medlemmar.</p>



<p>Föreningen har sedan 1970-talet gett ut den vetenskapliga tidskriften <a rel="noreferrer noopener" href="https://journal.fi/mediaviestinta/index" target="_blank"><em>Media &amp; viestintä</em></a> (tidigare <em>Tiedotustutkimus</em>). Tidskriften är den ledande tidskriften inom vetenskapsområdet i Finland. Alla artiklar är fritt tillgängliga (open access) vilket också gäller det digitala arkivet. Journalen är finskspråkig men artikelsammandrag på engelska ingår.</p>



<p>Tillsammans med universitet och yrkeshögskolor i Finland ordnar föreningen konferensen Median ja viestinnän tutkimuksen päivät (Mevi-päivät). Konferensen äger rum vartannat år och ordnas kring varierande teman och med inbjudna plenarföreläsare med internationell profil. Också regionala seminarier och aktiviteter riktade till allmänheten ordnas varje år.</p>



<p>Föreningen deltar aktivt i samarbete med de övriga nordiska forskarföreningarna, <a href="https://www.nordicom.gu.se/en" target="_blank" rel="noreferrer noopener">Nordicom </a>(Nordiskt informationscenter for media- och kommunikationsforskning) och <a href="https://nordmedianetwork.org/" target="_blank" rel="noreferrer noopener">Nordmedia Network</a>. Mevi är också medlem av de internationella vetenskapliga föreningarna International Association for Media and Commication Research <a href="https://iamcr.org/" target="_blank" rel="noreferrer noopener">IAMCR </a>och European Communication Research and Education Association <a href="https://ecrea.eu/" target="_blank" rel="noreferrer noopener">ECREA</a>.</p>



<p>Som medlem i föreningen kan antas forskare, grundstuderande och doktorander i medier och kommunikation, lärare vid yrkeshögskolor, forskare vid forskningsinstitut på området och personer inom den offentliga sektorn och organisationer med intresse för vetenskapliga perspektiv på medier och kommunikation.</p>



<p><strong>Kontakt:</strong></p>



<p>Veera Ehrlén (ordförande): veera.ehrlen@jyu.fi<br>Nelli Jäntti-Tuominen (sekreterare): sihteeri@mediaviestinta.fi</p>



<p>Media &amp; viestintä / Annu Perälä<br>toimitussihteeri(at)mediaviestinta.fi</p>



<p></p>

<p>Samfundet för medie- och kommunikationsvetenskap (Mevi) är en vetenskaplig förening som samlar forskare, utbildare, studenter och praktiker inom området för medier och kommunikation. Föreningen verkar för att ge&hellip;</p>

<!-- This site is optimized with the Yoast SEO plugin v27.4 - https://yoast.com/product/yoast-seo-wordpress/ -->
<title>Samfundet för medie- och kommunikationsvetenskap Mevi &#8211; Mevi</title>
<meta name="robots" content="index, follow, max-snippet:-1, max-image-preview:large, max-video-preview:-1" />
<link rel="canonical" href="https://mediaviestinta.fi/mevi2020/samfundet-for-medie-och-kommunikationsvetenskap-mevi/" />
<meta property="og:locale" content="fi_FI" />
<meta property="og:type" content="article" />
<meta property="og:title" content="Samfundet för medie- och kommunikationsvetenskap Mevi &#8211; Mevi" />
<meta property="og:description" content="Samfundet för medie- och kommunikationsvetenskap (Mevi) är en vetenskaplig förening som samlar forskare, utbildare, studenter och praktiker inom området för medier och kommunikation. Föreningen verkar för att ge&hellip;" />
<meta property="og:url" content="https://mediaviestinta.fi/mevi2020/samfundet-for-medie-och-kommunikationsvetenskap-mevi/" />
<meta property="og:site_name" content="Mevi" />
<meta property="article:publisher" content="https://www.facebook.com/MediaViestinta/" />
<meta property="article:modified_time" content="2026-03-27T12:53:33+00:00" />
<meta name="twitter:card" content="summary_large_image" />
<meta name="twitter:site" content="@mediaviestinta" />
<meta name="twitter:label1" content="Arvioitu lukuaika" />
	<meta name="twitter:data1" content="2 minuuttia" />
<script type="application/ld+json" class="yoast-schema-graph">{"@context":"https:\/\/schema.org","@graph":[{"@type":"WebPage","@id":"https:\/\/mediaviestinta.fi\/mevi2020\/samfundet-for-medie-och-kommunikationsvetenskap-mevi\/","url":"https:\/\/mediaviestinta.fi\/mevi2020\/samfundet-for-medie-och-kommunikationsvetenskap-mevi\/","name":"Samfundet för medie- och kommunikationsvetenskap Mevi &#8211; Mevi","isPartOf":{"@id":"https:\/\/mediaviestinta.fi\/#website"},"datePublished":"2020-04-08T12:08:01+00:00","dateModified":"2026-03-27T12:53:33+00:00","breadcrumb":{"@id":"https:\/\/mediaviestinta.fi\/mevi2020\/samfundet-for-medie-och-kommunikationsvetenskap-mevi\/#breadcrumb"},"inLanguage":"fi","potentialAction":[{"@type":"ReadAction","target":["https:\/\/mediaviestinta.fi\/mevi2020\/samfundet-for-medie-och-kommunikationsvetenskap-mevi\/"]}]},{"@type":"BreadcrumbList","@id":"https:\/\/mediaviestinta.fi\/mevi2020\/samfundet-for-medie-och-kommunikationsvetenskap-mevi\/#breadcrumb","itemListElement":[{"@type":"ListItem","position":1,"name":"Home","item":"https:\/\/mediaviestinta.fi\/"},{"@type":"ListItem","position":2,"name":"Samfundet för medie- och kommunikationsvetenskap Mevi"}]},{"@type":"WebSite","@id":"https:\/\/mediaviestinta.fi\/#website","url":"https:\/\/mediaviestinta.fi\/","name":"Mevi","description":"Media- ja viestintätieteellinen seura Mevi","publisher":{"@id":"https:\/\/mediaviestinta.fi\/#organization"},"potentialAction":[{"@type":"SearchAction","target":{"@type":"EntryPoint","urlTemplate":"https:\/\/mediaviestinta.fi\/?s={search_term_string}"},"query-input":{"@type":"PropertyValueSpecification","valueRequired":true,"valueName":"search_term_string"}}],"inLanguage":"fi"},{"@type":"Organization","@id":"https:\/\/mediaviestinta.fi\/#organization","name":"Media- ja viestintätieteellinen seura Mevi","url":"https:\/\/mediaviestinta.fi\/","logo":{"@type":"ImageObject","inLanguage":"fi","@id":"https:\/\/mediaviestinta.fi\/#\/schema\/logo\/image\/","url":"https:\/\/mediaviestinta.fi\/mevi2020\/wp-content\/uploads\/2020\/03\/mevi-logo-RGB-Transparent.png","contentUrl":"https:\/\/mediaviestinta.fi\/mevi2020\/wp-content\/uploads\/2020\/03\/mevi-logo-RGB-Transparent.png","width":910,"height":464,"caption":"Media- ja viestintätieteellinen seura Mevi"},"image":{"@id":"https:\/\/mediaviestinta.fi\/#\/schema\/logo\/image\/"},"sameAs":["https:\/\/www.facebook.com\/MediaViestinta\/","https:\/\/x.com\/mediaviestinta"]}]}</script>
<!-- / Yoast SEO plugin. -->

Samfundet för medie- och kommunikationsvetenskap Mevi &#8211; Mevi

Samfundet för medie- och kommunikationsvetenskap (Mevi) är en vetenskaplig förening som samlar forskare, utbildare, studenter och praktiker inom området för medier och kommunikation. Föreningen verkar för att ge&hellip;

Media- ja viestintätieteellinen seura Mevi
